{"id":23918,"date":"2017-11-08T17:47:54","date_gmt":"2017-11-08T16:47:54","guid":{"rendered":"http:\/\/berni.fmode.de\/wordpress\/?page_id=23918"},"modified":"2017-11-08T18:02:15","modified_gmt":"2017-11-08T17:02:15","slug":"waerme-hilft","status":"publish","type":"page","link":"https:\/\/berni.fmode.de\/wordpress\/?page_id=23918","title":{"rendered":"W\u00e4rme hilft"},"content":{"rendered":"<p>Nach den relativ guten Erfolgen gestern ist der Plan f\u00fcr heute, das Hauptlager aus der rechten Geh\u00e4useh\u00e4lfte zu entfernen und die Kurbelwelle aus der linken zu dr\u00fccken. Richtige Spezialwerkzeuge dazu habe ich leider nicht, und so muss ganz sch\u00f6n improvisiert werden. Zuerst aber reinige ich die Geh\u00e4useh\u00e4lften vom schlimmsten Schmodder, will ja nicht st\u00e4ndig im Dreck w\u00fchlen.<\/p>\n<div id=\"attachment_23919\" style=\"width: 1210px\" class=\"wp-caption aligncenter\"><a href=\"https:\/\/berni.fmode.de\/wordpress\/wp-content\/uploads\/eng01-2.jpg\"><img loading=\"lazy\" decoding=\"async\" aria-describedby=\"caption-attachment-23919\" class=\"wp-image-23919 size-full\" src=\"https:\/\/berni.fmode.de\/wordpress\/wp-content\/uploads\/eng01-2.jpg\" alt=\"Motor Enfield Bullet 500\" width=\"1200\" height=\"900\" srcset=\"https:\/\/berni.fmode.de\/wordpress\/wp-content\/uploads\/eng01-2.jpg 1200w, https:\/\/berni.fmode.de\/wordpress\/wp-content\/uploads\/eng01-2-300x225.jpg 300w, https:\/\/berni.fmode.de\/wordpress\/wp-content\/uploads\/eng01-2-768x576.jpg 768w, https:\/\/berni.fmode.de\/wordpress\/wp-content\/uploads\/eng01-2-1024x768.jpg 1024w, https:\/\/berni.fmode.de\/wordpress\/wp-content\/uploads\/eng01-2-400x300.jpg 400w\" sizes=\"(max-width: 1200px) 100vw, 1200px\" \/><\/a><p id=\"caption-attachment-23919\" class=\"wp-caption-text\">Zuerst erw\u00e4rme ich das Geh\u00e4use mit dem Hei\u00dfluftf\u00f6n. Ein vorhandener Innenauszieher kommt leider nicht zum Einsatz, weil die Spreizung nicht ausreicht. Also f\u00fchre ich weiter W\u00e4rme zu und schlage alle paar Minuten kr\u00e4ftig mit dem Geh\u00e4use auf die Hartholzplatte der Werkbank. Tats\u00e4chlich kommt das Lager dabei mm um mm heraus. Nur auf den letzten 2 mm klemmts, und da muss ich ein ganz klein wenig hebeln &#8211; leider. Jetzt ist das Lager aber raus.<\/p><\/div>\n<div id=\"attachment_23920\" style=\"width: 1210px\" class=\"wp-caption aligncenter\"><a href=\"https:\/\/berni.fmode.de\/wordpress\/wp-content\/uploads\/eng02-2.jpg\"><img loading=\"lazy\" decoding=\"async\" aria-describedby=\"caption-attachment-23920\" class=\"wp-image-23920 size-full\" src=\"https:\/\/berni.fmode.de\/wordpress\/wp-content\/uploads\/eng02-2.jpg\" alt=\"Motor Enfield Bullet 500\" width=\"1200\" height=\"900\" srcset=\"https:\/\/berni.fmode.de\/wordpress\/wp-content\/uploads\/eng02-2.jpg 1200w, https:\/\/berni.fmode.de\/wordpress\/wp-content\/uploads\/eng02-2-300x225.jpg 300w, https:\/\/berni.fmode.de\/wordpress\/wp-content\/uploads\/eng02-2-768x576.jpg 768w, https:\/\/berni.fmode.de\/wordpress\/wp-content\/uploads\/eng02-2-1024x768.jpg 1024w, https:\/\/berni.fmode.de\/wordpress\/wp-content\/uploads\/eng02-2-400x300.jpg 400w\" sizes=\"(max-width: 1200px) 100vw, 1200px\" \/><\/a><p id=\"caption-attachment-23920\" class=\"wp-caption-text\">Der Lagersitz ist einwandfrei, nur die hintere Wandung ist vermackt &#8211; das hab ich mit meiner bl\u00f6den Hebelei vermurkst. Ist aber nur ein Sch\u00f6nheitsfehler, denn da liegt nichts an. Werde trotzdem die schlimmste Macken weg dremeln.<\/p><\/div>\n<div id=\"attachment_23921\" style=\"width: 1210px\" class=\"wp-caption aligncenter\"><a href=\"https:\/\/berni.fmode.de\/wordpress\/wp-content\/uploads\/eng03-2.jpg\"><img loading=\"lazy\" decoding=\"async\" aria-describedby=\"caption-attachment-23921\" class=\"wp-image-23921 size-full\" src=\"https:\/\/berni.fmode.de\/wordpress\/wp-content\/uploads\/eng03-2.jpg\" alt=\"Motor Enfield Bullet 500\" width=\"1200\" height=\"900\" srcset=\"https:\/\/berni.fmode.de\/wordpress\/wp-content\/uploads\/eng03-2.jpg 1200w, https:\/\/berni.fmode.de\/wordpress\/wp-content\/uploads\/eng03-2-300x225.jpg 300w, https:\/\/berni.fmode.de\/wordpress\/wp-content\/uploads\/eng03-2-768x576.jpg 768w, https:\/\/berni.fmode.de\/wordpress\/wp-content\/uploads\/eng03-2-1024x768.jpg 1024w, https:\/\/berni.fmode.de\/wordpress\/wp-content\/uploads\/eng03-2-400x300.jpg 400w\" sizes=\"(max-width: 1200px) 100vw, 1200px\" \/><\/a><p id=\"caption-attachment-23921\" class=\"wp-caption-text\">Indische NU205R Lager von ABC. Die Kurbelwelle ist beidseitig mit diesen Lagern gef\u00fchrt und hat auf der Antriebsseite zus\u00e4tzlich ein Festlager 6305. Ab Werk wurden hier scheinbar keine Lager mit erh\u00f6hter Lagerluft verbaut &#8211; vielleicht haben indische Lager reichlich Luft. Ich werde hier auf jeden Fall f\u00fcr alle drei Lager die C3-Ausf\u00fchrung einbauen.<\/p><\/div>\n<div id=\"attachment_23922\" style=\"width: 1210px\" class=\"wp-caption aligncenter\"><a href=\"https:\/\/berni.fmode.de\/wordpress\/wp-content\/uploads\/eng04-2.jpg\"><img loading=\"lazy\" decoding=\"async\" aria-describedby=\"caption-attachment-23922\" class=\"wp-image-23922 size-full\" src=\"https:\/\/berni.fmode.de\/wordpress\/wp-content\/uploads\/eng04-2.jpg\" alt=\"Motor Enfield Bullet 500\" width=\"1200\" height=\"900\" srcset=\"https:\/\/berni.fmode.de\/wordpress\/wp-content\/uploads\/eng04-2.jpg 1200w, https:\/\/berni.fmode.de\/wordpress\/wp-content\/uploads\/eng04-2-300x225.jpg 300w, https:\/\/berni.fmode.de\/wordpress\/wp-content\/uploads\/eng04-2-768x576.jpg 768w, https:\/\/berni.fmode.de\/wordpress\/wp-content\/uploads\/eng04-2-1024x768.jpg 1024w, https:\/\/berni.fmode.de\/wordpress\/wp-content\/uploads\/eng04-2-400x300.jpg 400w\" sizes=\"(max-width: 1200px) 100vw, 1200px\" \/><\/a><p id=\"caption-attachment-23922\" class=\"wp-caption-text\">Zwischendurch mal eben recherchiert, was f\u00fcr einen Motor ich da vor mir habe.<\/p><\/div>\n<p>Die Motornummer hat folgenden Schl\u00fcssel:<\/p>\n<p><strong>4:<\/strong> Baujahr 1984, 1994 oder 2004<br \/>\n<strong>B:<\/strong> Es ist eine Bullet<br \/>\n<strong>5:<\/strong> Es ist ein 500 ccm Motor<br \/>\n<strong>3138<\/strong>: Laufende Nummer des Motors<br \/>\n<strong>E<\/strong>: Herstellungsmonat war der Mai<\/p>\n<div id=\"attachment_23923\" style=\"width: 1210px\" class=\"wp-caption aligncenter\"><a href=\"https:\/\/berni.fmode.de\/wordpress\/wp-content\/uploads\/eng05-2.jpg\"><img loading=\"lazy\" decoding=\"async\" aria-describedby=\"caption-attachment-23923\" class=\"wp-image-23923 size-full\" src=\"https:\/\/berni.fmode.de\/wordpress\/wp-content\/uploads\/eng05-2.jpg\" alt=\"Motor Enfield Bullet 500\" width=\"1200\" height=\"900\" srcset=\"https:\/\/berni.fmode.de\/wordpress\/wp-content\/uploads\/eng05-2.jpg 1200w, https:\/\/berni.fmode.de\/wordpress\/wp-content\/uploads\/eng05-2-300x225.jpg 300w, https:\/\/berni.fmode.de\/wordpress\/wp-content\/uploads\/eng05-2-768x576.jpg 768w, https:\/\/berni.fmode.de\/wordpress\/wp-content\/uploads\/eng05-2-1024x768.jpg 1024w, https:\/\/berni.fmode.de\/wordpress\/wp-content\/uploads\/eng05-2-400x300.jpg 400w\" sizes=\"(max-width: 1200px) 100vw, 1200px\" \/><\/a><p id=\"caption-attachment-23923\" class=\"wp-caption-text\">Weiter geht es jetzt mit der rechten Geh\u00e4useh\u00e4lfte, aus der ich zun\u00e4chst die Kurbelwelle entfernen muss. Eine Ausdr\u00fcckvorrichtung habe ich leider nicht und mir fehlt auch gerade eine gute Idee, so etwas zu bauen. Also versuche ich es mit ganz sanfter Gewalt und schlage die Welle mit dem schweren Gummihammer aus den Lagern. Und das klappt erstaunlich gut.<\/p><\/div>\n<div id=\"attachment_23924\" style=\"width: 1210px\" class=\"wp-caption aligncenter\"><a href=\"https:\/\/berni.fmode.de\/wordpress\/wp-content\/uploads\/eng06-2.jpg\"><img loading=\"lazy\" decoding=\"async\" aria-describedby=\"caption-attachment-23924\" class=\"wp-image-23924 size-full\" src=\"https:\/\/berni.fmode.de\/wordpress\/wp-content\/uploads\/eng06-2.jpg\" alt=\"Motor Enfield Bullet 500\" width=\"1200\" height=\"900\" srcset=\"https:\/\/berni.fmode.de\/wordpress\/wp-content\/uploads\/eng06-2.jpg 1200w, https:\/\/berni.fmode.de\/wordpress\/wp-content\/uploads\/eng06-2-300x225.jpg 300w, https:\/\/berni.fmode.de\/wordpress\/wp-content\/uploads\/eng06-2-768x576.jpg 768w, https:\/\/berni.fmode.de\/wordpress\/wp-content\/uploads\/eng06-2-1024x768.jpg 1024w, https:\/\/berni.fmode.de\/wordpress\/wp-content\/uploads\/eng06-2-400x300.jpg 400w\" sizes=\"(max-width: 1200px) 100vw, 1200px\" \/><\/a><p id=\"caption-attachment-23924\" class=\"wp-caption-text\">Voila, schon liegt die Welle vor mir auf der Werkbank. Leider ist auch hier der Innenring des NU-Lagers auf dem Wellenstumpf locker und l\u00e4sst sich von Hand drehen. Also dasselbe Drama wie auf der Steuerseite. Da muss ich mich beraten lassen, ob das mit Kleben zu retten ist.<\/p><\/div>\n<div id=\"attachment_23925\" style=\"width: 1210px\" class=\"wp-caption aligncenter\"><a href=\"https:\/\/berni.fmode.de\/wordpress\/wp-content\/uploads\/eng07-1.jpg\"><img loading=\"lazy\" decoding=\"async\" aria-describedby=\"caption-attachment-23925\" class=\"wp-image-23925 size-full\" src=\"https:\/\/berni.fmode.de\/wordpress\/wp-content\/uploads\/eng07-1.jpg\" alt=\"Motor Enfield Bullet 500\" width=\"1200\" height=\"900\" srcset=\"https:\/\/berni.fmode.de\/wordpress\/wp-content\/uploads\/eng07-1.jpg 1200w, https:\/\/berni.fmode.de\/wordpress\/wp-content\/uploads\/eng07-1-300x225.jpg 300w, https:\/\/berni.fmode.de\/wordpress\/wp-content\/uploads\/eng07-1-768x576.jpg 768w, https:\/\/berni.fmode.de\/wordpress\/wp-content\/uploads\/eng07-1-1024x768.jpg 1024w, https:\/\/berni.fmode.de\/wordpress\/wp-content\/uploads\/eng07-1-400x300.jpg 400w\" sizes=\"(max-width: 1200px) 100vw, 1200px\" \/><\/a><p id=\"caption-attachment-23925\" class=\"wp-caption-text\">Insgesamt macht die Motorlagerung durchaus einen robusten Eindruck &#8211; leicht getr\u00fcbt durch die nicht masshaltigen Wellenst\u00fcmpfe und die schlechte Konstruktion des Pleuellagers.<\/p><\/div>\n<div id=\"attachment_23926\" style=\"width: 1210px\" class=\"wp-caption aligncenter\"><a href=\"https:\/\/berni.fmode.de\/wordpress\/wp-content\/uploads\/eng08-1.jpg\"><img loading=\"lazy\" decoding=\"async\" aria-describedby=\"caption-attachment-23926\" class=\"wp-image-23926 size-full\" src=\"https:\/\/berni.fmode.de\/wordpress\/wp-content\/uploads\/eng08-1.jpg\" alt=\"Motor Enfield Bullet 500\" width=\"1200\" height=\"900\" srcset=\"https:\/\/berni.fmode.de\/wordpress\/wp-content\/uploads\/eng08-1.jpg 1200w, https:\/\/berni.fmode.de\/wordpress\/wp-content\/uploads\/eng08-1-300x225.jpg 300w, https:\/\/berni.fmode.de\/wordpress\/wp-content\/uploads\/eng08-1-768x576.jpg 768w, https:\/\/berni.fmode.de\/wordpress\/wp-content\/uploads\/eng08-1-1024x768.jpg 1024w, https:\/\/berni.fmode.de\/wordpress\/wp-content\/uploads\/eng08-1-400x300.jpg 400w\" sizes=\"(max-width: 1200px) 100vw, 1200px\" \/><\/a><p id=\"caption-attachment-23926\" class=\"wp-caption-text\">Michiel aus dem Enfield-Forum hat mal Bilder von seiner Kurbelwelle eingestellt, die von Hammerschl\u00e4gen total vermackt war. Davon ist hier keine Rede, das sieht durchaus ordentlich aus.<\/p><\/div>\n<p>Jetzt k\u00f6nnte ich noch die Lager aus der rechten Geh\u00e4useh\u00e4lfte entfernen, aber auf das recht langwierige Erw\u00e4rmen hab ich heute keine Lust mehr. Vielleicht morgen \ud83d\ude42<\/p>\n","protected":false},"excerpt":{"rendered":"<p>Nach den relativ guten Erfolgen gestern ist der Plan f\u00fcr heute, das Hauptlager aus der rechten Geh\u00e4useh\u00e4lfte zu entfernen und die Kurbelwelle aus der linken zu dr\u00fccken. Richtige Spezialwerkzeuge dazu habe ich leider nicht, und so muss ganz sch\u00f6n improvisiert &hellip; <a href=\"https:\/\/berni.fmode.de\/wordpress\/?page_id=23918\">Weiterlesen <span class=\"meta-nav\">&rarr;<\/span><\/a><\/p>\n","protected":false},"author":1,"featured_media":0,"parent":0,"menu_order":0,"comment_status":"closed","ping_status":"closed","template":"","meta":{"footnotes":""},"_links":{"self":[{"href":"https:\/\/berni.fmode.de\/wordpress\/index.php?rest_route=\/wp\/v2\/pages\/23918"}],"collection":[{"href":"https:\/\/berni.fmode.de\/wordpress\/index.php?rest_route=\/wp\/v2\/pages"}],"about":[{"href":"https:\/\/berni.fmode.de\/wordpress\/index.php?rest_route=\/wp\/v2\/types\/page"}],"author":[{"embeddable":true,"href":"https:\/\/berni.fmode.de\/wordpress\/index.php?rest_route=\/wp\/v2\/users\/1"}],"replies":[{"embeddable":true,"href":"https:\/\/berni.fmode.de\/wordpress\/index.php?rest_route=%2Fwp%2Fv2%2Fcomments&post=23918"}],"version-history":[{"count":4,"href":"https:\/\/berni.fmode.de\/wordpress\/index.php?rest_route=\/wp\/v2\/pages\/23918\/revisions"}],"predecessor-version":[{"id":23931,"href":"https:\/\/berni.fmode.de\/wordpress\/index.php?rest_route=\/wp\/v2\/pages\/23918\/revisions\/23931"}],"wp:attachment":[{"href":"https:\/\/berni.fmode.de\/wordpress\/index.php?rest_route=%2Fwp%2Fv2%2Fmedia&parent=23918"}],"curies":[{"name":"wp","href":"https:\/\/api.w.org\/{rel}","templated":true}]}}