{"id":11104,"date":"2013-04-05T18:06:21","date_gmt":"2013-04-05T17:06:21","guid":{"rendered":"http:\/\/berni.fmode.de\/wordpress\/?page_id=11104"},"modified":"2013-04-29T12:55:29","modified_gmt":"2013-04-29T11:55:29","slug":"zuruck-in-den-kalten-vogelsberg","status":"publish","type":"page","link":"https:\/\/berni.fmode.de\/wordpress\/?page_id=11104","title":{"rendered":"2.4: Zur\u00fcck in den kalten Vogelsberg"},"content":{"rendered":"<p>Um 6:00 pl\u00e4rrt der Wecker meines Smartphones und weckt mich &#8211; und Hubert im Nachbarzimmer gleich mit. Wir wollen so fr\u00fch starten, um noch im Hellen oder zumindest im letzten B\u00fcchsenlicht zuhause anzukommen.<\/p>\n<p>Das meiste war bereits gestern gepackt und verstaut und so ist es kein Problem, p\u00fcnktlich loszukommen.<\/p>\n<div id=\"attachment_11105\" style=\"width: 1210px\" class=\"wp-caption aligncenter\"><a href=\"https:\/\/berni.fmode.de\/wordpress\/wp-content\/uploads\/pic01554.jpg\"><img loading=\"lazy\" decoding=\"async\" aria-describedby=\"caption-attachment-11105\" class=\" wp-image-11105\" alt=\"Anduze 2013\" src=\"https:\/\/berni.fmode.de\/wordpress\/wp-content\/uploads\/pic01554.jpg\" width=\"1200\" height=\"900\" srcset=\"https:\/\/berni.fmode.de\/wordpress\/wp-content\/uploads\/pic01554.jpg 1200w, https:\/\/berni.fmode.de\/wordpress\/wp-content\/uploads\/pic01554-300x225.jpg 300w, https:\/\/berni.fmode.de\/wordpress\/wp-content\/uploads\/pic01554-1024x768.jpg 1024w, https:\/\/berni.fmode.de\/wordpress\/wp-content\/uploads\/pic01554-400x300.jpg 400w\" sizes=\"(max-width: 1200px) 100vw, 1200px\" \/><\/a><p id=\"caption-attachment-11105\" class=\"wp-caption-text\">Bei leichtem Regen beginnt die R\u00fcckreise, bei der wir bis Orange \u00fcber Land fahren. Dabei entdecke ich am Stadtrand von Ales einen gigantischen Roller-Shop, der alle g\u00e4ngigen Marken vertritt: Vespa, TGB, Kymco und so weiter. Den h\u00e4tte ich mir gern mit der Triumph angesehen, aber das muss ich wohl aufs n\u00e4chste mal verschieben. Auf dem Weg nach Orange hat die Landschaft \u00fcbrigens h\u00e4ufig einen heideartigen Charakter.<\/p><\/div>\n<div id=\"attachment_11106\" style=\"width: 1210px\" class=\"wp-caption aligncenter\"><a href=\"https:\/\/berni.fmode.de\/wordpress\/wp-content\/uploads\/pic02538.jpg\"><img loading=\"lazy\" decoding=\"async\" aria-describedby=\"caption-attachment-11106\" class=\" wp-image-11106\" alt=\"Anduze 2013\" src=\"https:\/\/berni.fmode.de\/wordpress\/wp-content\/uploads\/pic02538.jpg\" width=\"1200\" height=\"900\" srcset=\"https:\/\/berni.fmode.de\/wordpress\/wp-content\/uploads\/pic02538.jpg 1200w, https:\/\/berni.fmode.de\/wordpress\/wp-content\/uploads\/pic02538-300x225.jpg 300w, https:\/\/berni.fmode.de\/wordpress\/wp-content\/uploads\/pic02538-1024x768.jpg 1024w, https:\/\/berni.fmode.de\/wordpress\/wp-content\/uploads\/pic02538-400x300.jpg 400w\" sizes=\"(max-width: 1200px) 100vw, 1200px\" \/><\/a><p id=\"caption-attachment-11106\" class=\"wp-caption-text\">Heidelandschaften haben ihren eigenen Reiz und ich mag sie sehr.<\/p><\/div>\n<div id=\"attachment_11107\" style=\"width: 1210px\" class=\"wp-caption aligncenter\"><a href=\"https:\/\/berni.fmode.de\/wordpress\/wp-content\/uploads\/pic03501.jpg\"><img loading=\"lazy\" decoding=\"async\" aria-describedby=\"caption-attachment-11107\" class=\" wp-image-11107\" alt=\"Anduze 2013\" src=\"https:\/\/berni.fmode.de\/wordpress\/wp-content\/uploads\/pic03501.jpg\" width=\"1200\" height=\"900\" srcset=\"https:\/\/berni.fmode.de\/wordpress\/wp-content\/uploads\/pic03501.jpg 1200w, https:\/\/berni.fmode.de\/wordpress\/wp-content\/uploads\/pic03501-300x225.jpg 300w, https:\/\/berni.fmode.de\/wordpress\/wp-content\/uploads\/pic03501-1024x768.jpg 1024w, https:\/\/berni.fmode.de\/wordpress\/wp-content\/uploads\/pic03501-400x300.jpg 400w\" sizes=\"(max-width: 1200px) 100vw, 1200px\" \/><\/a><p id=\"caption-attachment-11107\" class=\"wp-caption-text\">Dann reissen wir jede Menge Kilometer auf der Autobahn ab. Im Gegensatz zur Hinfahrt, die ja nachts stattfand, gibt es heute am Tage nat\u00fcrlich wesentlich mehr von Frankreich zu sehen. Hier passieren wir gerade Becancon, den Studienort von Marie-Laure, die uns so tatkr\u00e4ftig bei der Reisevorbereiitung unterst\u00fctzt hat.<\/p><\/div>\n<div id=\"attachment_11108\" style=\"width: 1210px\" class=\"wp-caption aligncenter\"><a href=\"https:\/\/berni.fmode.de\/wordpress\/wp-content\/uploads\/pic04453.jpg\"><img loading=\"lazy\" decoding=\"async\" aria-describedby=\"caption-attachment-11108\" class=\" wp-image-11108\" alt=\"Anduze 2013\" src=\"https:\/\/berni.fmode.de\/wordpress\/wp-content\/uploads\/pic04453.jpg\" width=\"1200\" height=\"1600\" srcset=\"https:\/\/berni.fmode.de\/wordpress\/wp-content\/uploads\/pic04453.jpg 1200w, https:\/\/berni.fmode.de\/wordpress\/wp-content\/uploads\/pic04453-225x300.jpg 225w, https:\/\/berni.fmode.de\/wordpress\/wp-content\/uploads\/pic04453-768x1024.jpg 768w\" sizes=\"(max-width: 1200px) 100vw, 1200px\" \/><\/a><p id=\"caption-attachment-11108\" class=\"wp-caption-text\">Wenn Hubert f\u00e4hrt, pfeifft er (fast) pausenlos immer die gleiche Passage aus &#8222;I follow you&#8220; von Triggerfinger. Nach kurzer Zeit bekommen wir den Ohrwurm nicht mehr aus dem Hirn. Aber gl\u00fccklicherweise \u00fcbernimmt unser Marathon-Man Reinhard den Gro\u00dfteil der Fahraktivit\u00e4ten &#8211; wie schon auf der Hinfahrt.<\/p><\/div>\n<p style=\"text-align: left;\">Kurz vor 20:00 erreichen wir tats\u00e4chlich im letzten Tageslicht den heimischen Vogelsberg. Es ist vollbracht, der Urlaub ist vorbei. Die Cevennen haben wir als wunderbare Landschaft erfahren und alle sind entschlossen, wieder zu kommen.<\/p>\n<p style=\"text-align: left;\">Sowohl der Peugeot J5 als auch unsere drei Thunderbird haben die Fahrt ohne Probleme \u00fcberstanden. Die einzige &#8222;Panne&#8220; war ein winziger Reparaturversuch am Schlie\u00dfmechanismus der hinteren rechten T\u00fcr &#8211; vernachl\u00e4ssigbar. Damit hat sich die Pritsche als Transportfahrzeug f\u00fcr weitere Urlaube qualifiziert. Wir denken da an Nieder\u00f6sterreich und S\u00fcdengland.<\/p>\n<p style=\"text-align: left;\"><strong><a href=\"https:\/\/berni.fmode.de\/wordpress\/?page_id=11096\">Zur\u00fcck zur vorherigen Seite <\/a>\u00a0 \u00a0 \u00a0 \u00a0 \u00a0 \u00a0<a href=\"https:\/\/berni.fmode.de\/wordpress\/?p=10903\">Zur\u00fcck zum Reisebeginn<\/a><\/strong><\/p>\n","protected":false},"excerpt":{"rendered":"<p>Um 6:00 pl\u00e4rrt der Wecker meines Smartphones und weckt mich &#8211; und Hubert im Nachbarzimmer gleich mit. Wir wollen so fr\u00fch starten, um noch im Hellen oder zumindest im letzten B\u00fcchsenlicht zuhause anzukommen. Das meiste war bereits gestern gepackt und &hellip; <a href=\"https:\/\/berni.fmode.de\/wordpress\/?page_id=11104\">Weiterlesen <span class=\"meta-nav\">&rarr;<\/span><\/a><\/p>\n","protected":false},"author":1,"featured_media":0,"parent":0,"menu_order":0,"comment_status":"closed","ping_status":"closed","template":"","meta":{"footnotes":""},"_links":{"self":[{"href":"https:\/\/berni.fmode.de\/wordpress\/index.php?rest_route=\/wp\/v2\/pages\/11104"}],"collection":[{"href":"https:\/\/berni.fmode.de\/wordpress\/index.php?rest_route=\/wp\/v2\/pages"}],"about":[{"href":"https:\/\/berni.fmode.de\/wordpress\/index.php?rest_route=\/wp\/v2\/types\/page"}],"author":[{"embeddable":true,"href":"https:\/\/berni.fmode.de\/wordpress\/index.php?rest_route=\/wp\/v2\/users\/1"}],"replies":[{"embeddable":true,"href":"https:\/\/berni.fmode.de\/wordpress\/index.php?rest_route=%2Fwp%2Fv2%2Fcomments&post=11104"}],"version-history":[{"count":5,"href":"https:\/\/berni.fmode.de\/wordpress\/index.php?rest_route=\/wp\/v2\/pages\/11104\/revisions"}],"predecessor-version":[{"id":11455,"href":"https:\/\/berni.fmode.de\/wordpress\/index.php?rest_route=\/wp\/v2\/pages\/11104\/revisions\/11455"}],"wp:attachment":[{"href":"https:\/\/berni.fmode.de\/wordpress\/index.php?rest_route=%2Fwp%2Fv2%2Fmedia&parent=11104"}],"curies":[{"name":"wp","href":"https:\/\/api.w.org\/{rel}","templated":true}]}}