{"id":11096,"date":"2013-04-05T17:08:35","date_gmt":"2013-04-05T16:08:35","guid":{"rendered":"http:\/\/berni.fmode.de\/wordpress\/?page_id=11096"},"modified":"2014-09-02T21:33:11","modified_gmt":"2014-09-02T20:33:11","slug":"der-letzte-tag","status":"publish","type":"page","link":"https:\/\/berni.fmode.de\/wordpress\/?page_id=11096","title":{"rendered":"1.4: Der letzte Tag"},"content":{"rendered":"<p>Das ist unser letzter Tag hier in den Cevennen &#8211; der wunderbare kleine Urlaub ist schon wieder so gut wie vorbei. Ehrlich gesagt k\u00f6nnte ich hier noch einige Zeit verbringen und das j\u00e4mmerliche und miese Wetter im Vogelsberg habe ich schon am zweiten Tag vergessen und hinter mir gelassen. Aber verl\u00e4ngern geht nicht, weil Hubert auf jeden Fall am Mittwoch wieder in die Tretm\u00fchle muss.<\/p>\n<p>Also werden wir vormittags eine letzte kleine Tour mit den drei Thunderbird machen und das mit einem Einkauf f\u00fcr die R\u00fcckreise verbinden. Und dann ab Mittag werden die Maschinen auf die Peugeot Pritsche verladen.<\/p>\n<div id=\"attachment_11097\" style=\"width: 1210px\" class=\"wp-caption aligncenter\"><a href=\"https:\/\/berni.fmode.de\/wordpress\/wp-content\/uploads\/pic01553.jpg\"><img loading=\"lazy\" decoding=\"async\" aria-describedby=\"caption-attachment-11097\" class=\" wp-image-11097\" src=\"https:\/\/berni.fmode.de\/wordpress\/wp-content\/uploads\/pic01553.jpg\" alt=\"Anduze 2013\" width=\"1200\" height=\"900\" srcset=\"https:\/\/berni.fmode.de\/wordpress\/wp-content\/uploads\/pic01553.jpg 1200w, https:\/\/berni.fmode.de\/wordpress\/wp-content\/uploads\/pic01553-300x225.jpg 300w, https:\/\/berni.fmode.de\/wordpress\/wp-content\/uploads\/pic01553-1024x768.jpg 1024w, https:\/\/berni.fmode.de\/wordpress\/wp-content\/uploads\/pic01553-400x300.jpg 400w\" sizes=\"(max-width: 1200px) 100vw, 1200px\" \/><\/a><p id=\"caption-attachment-11097\" class=\"wp-caption-text\">Wir beginnen den letzten Tag mit dem obligatorischen Kaffee mit Croisons im Cafe Centre. Das Wetter ist heute nicht so toll, es sieht stark nach Regen aus. Zum Abschied fotografiere ich eine der Ratten der L\u00fcfte, die hier jeden Tag den Marktplatz vor den Cafes bev\u00f6lkert haben. Sind doch eigentlich ganz nette Tierchen.<\/p><\/div>\n<div id=\"attachment_11098\" style=\"width: 1210px\" class=\"wp-caption aligncenter\"><a href=\"https:\/\/berni.fmode.de\/wordpress\/wp-content\/uploads\/pic02537.jpg\"><img loading=\"lazy\" decoding=\"async\" aria-describedby=\"caption-attachment-11098\" class=\" wp-image-11098\" src=\"https:\/\/berni.fmode.de\/wordpress\/wp-content\/uploads\/pic02537.jpg\" alt=\"Anduze 2013\" width=\"1200\" height=\"900\" srcset=\"https:\/\/berni.fmode.de\/wordpress\/wp-content\/uploads\/pic02537.jpg 1200w, https:\/\/berni.fmode.de\/wordpress\/wp-content\/uploads\/pic02537-300x225.jpg 300w, https:\/\/berni.fmode.de\/wordpress\/wp-content\/uploads\/pic02537-1024x768.jpg 1024w, https:\/\/berni.fmode.de\/wordpress\/wp-content\/uploads\/pic02537-400x300.jpg 400w\" sizes=\"(max-width: 1200px) 100vw, 1200px\" \/><\/a><p id=\"caption-attachment-11098\" class=\"wp-caption-text\">Weiter geht es zum Super Marchee zum Einkauf. Vor dem Supermarkt treffen wir auf einen Franzosen mit seiner Triumph, einer Speed Triple. Die Maschine springt aufgrund leerer Batterie nicht an, aber Hilfe ist unterwegs.<\/p><\/div>\n<p>Nach dem Einkauf, der wieder in den Packtaschen verschwindet, starten wir einen letzten Ritt bis Thoiras, den wir komplett filmen.<\/p>\n<p><iframe loading=\"lazy\" src=\"http:\/\/www.youtube.com\/embed\/eiOLFT57zmg\" width=\"640\" height=\"385\" frameborder=\"0\"><\/iframe><\/p>\n<div id=\"attachment_11099\" style=\"width: 1210px\" class=\"wp-caption aligncenter\"><a href=\"https:\/\/berni.fmode.de\/wordpress\/wp-content\/uploads\/pic03500.jpg\"><img loading=\"lazy\" decoding=\"async\" aria-describedby=\"caption-attachment-11099\" class=\" wp-image-11099\" src=\"https:\/\/berni.fmode.de\/wordpress\/wp-content\/uploads\/pic03500.jpg\" alt=\"Anduze 2013\" width=\"1200\" height=\"900\" srcset=\"https:\/\/berni.fmode.de\/wordpress\/wp-content\/uploads\/pic03500.jpg 1200w, https:\/\/berni.fmode.de\/wordpress\/wp-content\/uploads\/pic03500-300x225.jpg 300w, https:\/\/berni.fmode.de\/wordpress\/wp-content\/uploads\/pic03500-1024x768.jpg 1024w, https:\/\/berni.fmode.de\/wordpress\/wp-content\/uploads\/pic03500-400x300.jpg 400w\" sizes=\"(max-width: 1200px) 100vw, 1200px\" \/><\/a><p id=\"caption-attachment-11099\" class=\"wp-caption-text\">Wieder in Anduze bereitet Hubert die letzte Mahlzeit dieses Urlaubs zu, quasi unsere Henkersmahlzeit. Es gibt den tagelang in Rotwein gelagerten Rinderbraten, der vorz\u00fcglich schmeckt und wie Butter auf der Zunge zergeht.<\/p><\/div>\n<div id=\"attachment_11100\" style=\"width: 1210px\" class=\"wp-caption aligncenter\"><a href=\"https:\/\/berni.fmode.de\/wordpress\/wp-content\/uploads\/pic04452.jpg\"><img loading=\"lazy\" decoding=\"async\" aria-describedby=\"caption-attachment-11100\" class=\" wp-image-11100\" src=\"https:\/\/berni.fmode.de\/wordpress\/wp-content\/uploads\/pic04452.jpg\" alt=\"Anduze 2013\" width=\"1200\" height=\"675\" srcset=\"https:\/\/berni.fmode.de\/wordpress\/wp-content\/uploads\/pic04452.jpg 1200w, https:\/\/berni.fmode.de\/wordpress\/wp-content\/uploads\/pic04452-300x168.jpg 300w, https:\/\/berni.fmode.de\/wordpress\/wp-content\/uploads\/pic04452-1024x576.jpg 1024w, https:\/\/berni.fmode.de\/wordpress\/wp-content\/uploads\/pic04452-500x281.jpg 500w\" sizes=\"(max-width: 1200px) 100vw, 1200px\" \/><\/a><p id=\"caption-attachment-11100\" class=\"wp-caption-text\">Mittlerweile hat es angefangen, stark zu regnen, und als wir die Maschinen verstauen, verst\u00e4rkt sich der Regen noch einmal. Hilft aber nix, die Thunderbird m\u00fcssen auf die Pritsche.<\/p><\/div>\n<p><iframe loading=\"lazy\" src=\"http:\/\/www.youtube.com\/embed\/hpsjlo0apwk\" width=\"640\" height=\"385\" frameborder=\"0\"><\/iframe><\/p>\n<p>Tja Leute, so einfach kann es sein, schwergewichtige Dreizylinder auf einen Pritschenwagen zu bringen. K\u00f6nnte man nat\u00fcrlich auch mit reiner Muskelkraft machen, aber dank Seilwinde geht es elegant und ohne jede Anstrengung. Ein Hoch der Technik!<\/p>\n<p style=\"text-align: left;\">Sp\u00e4ter am Abend kommt pl\u00f6tzlich und unerwartet eine stressige Stimmung auf: Hubert hat apokalyptische Visionen von Unwettern, Schneewalzen und Sturmfluten, die uns morgen auf dem Heimweg \u00fcberraschen werden und w\u00fcrde am liebsten sofort die Heimfahrt starten. Zum Gl\u00fcck k\u00f6nnen wir ihn umstimmen und wie geplant am n\u00e4chsten Morgen aufbrechen.<\/p>\n<p style=\"text-align: left;\"><strong><a href=\"https:\/\/berni.fmode.de\/wordpress\/?page_id=11075\">Zur\u00fcck zur vorherigen Seite<\/a>\u00a0 \u00a0 \u00a0 \u00a0 \u00a0 \u00a0<a href=\"https:\/\/berni.fmode.de\/wordpress\/?page_id=11104\">Zur n\u00e4chsten Seite<\/a><\/strong><\/p>\n","protected":false},"excerpt":{"rendered":"<p>Das ist unser letzter Tag hier in den Cevennen &#8211; der wunderbare kleine Urlaub ist schon wieder so gut wie vorbei. Ehrlich gesagt k\u00f6nnte ich hier noch einige Zeit verbringen und das j\u00e4mmerliche und miese Wetter im Vogelsberg habe ich &hellip; <a href=\"https:\/\/berni.fmode.de\/wordpress\/?page_id=11096\">Weiterlesen <span class=\"meta-nav\">&rarr;<\/span><\/a><\/p>\n","protected":false},"author":1,"featured_media":0,"parent":0,"menu_order":0,"comment_status":"closed","ping_status":"closed","template":"","meta":{"footnotes":""},"_links":{"self":[{"href":"https:\/\/berni.fmode.de\/wordpress\/index.php?rest_route=\/wp\/v2\/pages\/11096"}],"collection":[{"href":"https:\/\/berni.fmode.de\/wordpress\/index.php?rest_route=\/wp\/v2\/pages"}],"about":[{"href":"https:\/\/berni.fmode.de\/wordpress\/index.php?rest_route=\/wp\/v2\/types\/page"}],"author":[{"embeddable":true,"href":"https:\/\/berni.fmode.de\/wordpress\/index.php?rest_route=\/wp\/v2\/users\/1"}],"replies":[{"embeddable":true,"href":"https:\/\/berni.fmode.de\/wordpress\/index.php?rest_route=%2Fwp%2Fv2%2Fcomments&post=11096"}],"version-history":[{"count":13,"href":"https:\/\/berni.fmode.de\/wordpress\/index.php?rest_route=\/wp\/v2\/pages\/11096\/revisions"}],"predecessor-version":[{"id":16840,"href":"https:\/\/berni.fmode.de\/wordpress\/index.php?rest_route=\/wp\/v2\/pages\/11096\/revisions\/16840"}],"wp:attachment":[{"href":"https:\/\/berni.fmode.de\/wordpress\/index.php?rest_route=%2Fwp%2Fv2%2Fmedia&parent=11096"}],"curies":[{"name":"wp","href":"https:\/\/api.w.org\/{rel}","templated":true}]}}