{"id":11017,"date":"2013-04-05T12:40:42","date_gmt":"2013-04-05T11:40:42","guid":{"rendered":"http:\/\/berni.fmode.de\/wordpress\/?page_id=11017"},"modified":"2013-04-08T18:24:25","modified_gmt":"2013-04-08T17:24:25","slug":"29-3-montagne-de-la-fage","status":"publish","type":"page","link":"https:\/\/berni.fmode.de\/wordpress\/?page_id=11017","title":{"rendered":"29.3: Montagne de la Fage"},"content":{"rendered":"<p>Der n\u00e4chste Morgen beginnt so, wie der gestrige Tag aufgeh\u00f6rt hat: Mit Regen. Aber glaubt nicht, dass wir mit dem Wetter hadern! Wer im M\u00e4rz Urlaub macht, mu\u00df einfach mit so etwas rechnen. Stellen wir uns also auf einen weiteren gem\u00fctlichen und faulen Tag ein.<\/p>\n<div id=\"attachment_11018\" style=\"width: 1210px\" class=\"wp-caption aligncenter\"><a href=\"https:\/\/berni.fmode.de\/wordpress\/wp-content\/uploads\/pic01550.jpg\"><img loading=\"lazy\" decoding=\"async\" aria-describedby=\"caption-attachment-11018\" class=\" wp-image-11018\" alt=\"Anduze 2013\" src=\"https:\/\/berni.fmode.de\/wordpress\/wp-content\/uploads\/pic01550.jpg\" width=\"1200\" height=\"900\" srcset=\"https:\/\/berni.fmode.de\/wordpress\/wp-content\/uploads\/pic01550.jpg 1200w, https:\/\/berni.fmode.de\/wordpress\/wp-content\/uploads\/pic01550-300x225.jpg 300w, https:\/\/berni.fmode.de\/wordpress\/wp-content\/uploads\/pic01550-1024x768.jpg 1024w, https:\/\/berni.fmode.de\/wordpress\/wp-content\/uploads\/pic01550-400x300.jpg 400w\" sizes=\"(max-width: 1200px) 100vw, 1200px\" \/><\/a><p id=\"caption-attachment-11018\" class=\"wp-caption-text\">Wie gewohnt springt der brave J5 prompt an und bringt uns zuverl\u00e4ssig in den Ort.<\/p><\/div>\n<div id=\"attachment_11019\" style=\"width: 1210px\" class=\"wp-caption aligncenter\"><a href=\"https:\/\/berni.fmode.de\/wordpress\/wp-content\/uploads\/pic02534.jpg\"><img loading=\"lazy\" decoding=\"async\" aria-describedby=\"caption-attachment-11019\" class=\" wp-image-11019\" alt=\"Anduze 2013\" src=\"https:\/\/berni.fmode.de\/wordpress\/wp-content\/uploads\/pic02534.jpg\" width=\"1200\" height=\"900\" srcset=\"https:\/\/berni.fmode.de\/wordpress\/wp-content\/uploads\/pic02534.jpg 1200w, https:\/\/berni.fmode.de\/wordpress\/wp-content\/uploads\/pic02534-300x225.jpg 300w, https:\/\/berni.fmode.de\/wordpress\/wp-content\/uploads\/pic02534-1024x768.jpg 1024w, https:\/\/berni.fmode.de\/wordpress\/wp-content\/uploads\/pic02534-400x300.jpg 400w\" sizes=\"(max-width: 1200px) 100vw, 1200px\" \/><\/a><p id=\"caption-attachment-11019\" class=\"wp-caption-text\">W\u00e4hrend Hubert einen Termin beim Touristik-B\u00fcro wahrnimmt, besichtigen Reinhard und ich ausgiebig die Anduzer Altstadt.<\/p><\/div>\n<div id=\"attachment_11020\" style=\"width: 1210px\" class=\"wp-caption aligncenter\"><a href=\"https:\/\/berni.fmode.de\/wordpress\/wp-content\/uploads\/pic03497.jpg\"><img loading=\"lazy\" decoding=\"async\" aria-describedby=\"caption-attachment-11020\" class=\" wp-image-11020\" alt=\"Anduze 2013\" src=\"https:\/\/berni.fmode.de\/wordpress\/wp-content\/uploads\/pic03497.jpg\" width=\"1200\" height=\"900\" srcset=\"https:\/\/berni.fmode.de\/wordpress\/wp-content\/uploads\/pic03497.jpg 1200w, https:\/\/berni.fmode.de\/wordpress\/wp-content\/uploads\/pic03497-300x225.jpg 300w, https:\/\/berni.fmode.de\/wordpress\/wp-content\/uploads\/pic03497-1024x768.jpg 1024w, https:\/\/berni.fmode.de\/wordpress\/wp-content\/uploads\/pic03497-400x300.jpg 400w\" sizes=\"(max-width: 1200px) 100vw, 1200px\" \/><\/a><p id=\"caption-attachment-11020\" class=\"wp-caption-text\">Alte Gassen und H\u00e4user vermitteln s\u00fcdeurop\u00e4isches Flair.<\/p><\/div>\n<div id=\"attachment_11021\" style=\"width: 1210px\" class=\"wp-caption aligncenter\"><a href=\"https:\/\/berni.fmode.de\/wordpress\/wp-content\/uploads\/pic04449.jpg\"><img loading=\"lazy\" decoding=\"async\" aria-describedby=\"caption-attachment-11021\" class=\" wp-image-11021\" alt=\"Anduze 2013\" src=\"https:\/\/berni.fmode.de\/wordpress\/wp-content\/uploads\/pic04449.jpg\" width=\"1200\" height=\"900\" srcset=\"https:\/\/berni.fmode.de\/wordpress\/wp-content\/uploads\/pic04449.jpg 1200w, https:\/\/berni.fmode.de\/wordpress\/wp-content\/uploads\/pic04449-300x225.jpg 300w, https:\/\/berni.fmode.de\/wordpress\/wp-content\/uploads\/pic04449-1024x768.jpg 1024w, https:\/\/berni.fmode.de\/wordpress\/wp-content\/uploads\/pic04449-400x300.jpg 400w\" sizes=\"(max-width: 1200px) 100vw, 1200px\" \/><\/a><p id=\"caption-attachment-11021\" class=\"wp-caption-text\">Neben der franz\u00f6sischen Lebensart mag ich auch den Baustil unserer Nachbarn: Einfach, und dennoch ansprechend.<\/p><\/div>\n<div id=\"attachment_11022\" style=\"width: 1210px\" class=\"wp-caption aligncenter\"><a href=\"https:\/\/berni.fmode.de\/wordpress\/wp-content\/uploads\/pic05383.jpg\"><img loading=\"lazy\" decoding=\"async\" aria-describedby=\"caption-attachment-11022\" class=\" wp-image-11022\" alt=\"Anduze\" src=\"https:\/\/berni.fmode.de\/wordpress\/wp-content\/uploads\/pic05383.jpg\" width=\"1200\" height=\"900\" srcset=\"https:\/\/berni.fmode.de\/wordpress\/wp-content\/uploads\/pic05383.jpg 1200w, https:\/\/berni.fmode.de\/wordpress\/wp-content\/uploads\/pic05383-300x225.jpg 300w, https:\/\/berni.fmode.de\/wordpress\/wp-content\/uploads\/pic05383-1024x768.jpg 1024w, https:\/\/berni.fmode.de\/wordpress\/wp-content\/uploads\/pic05383-400x300.jpg 400w\" sizes=\"(max-width: 1200px) 100vw, 1200px\" \/><\/a><p id=\"caption-attachment-11022\" class=\"wp-caption-text\">Auch die Tatsache, dass hier nicht gleich jeder Fleck frisch \u00fcberstrichen wird, entspricht meiner pers\u00f6nlichen Einstellung.<\/p><\/div>\n<div id=\"attachment_11023\" style=\"width: 1210px\" class=\"wp-caption aligncenter\"><a href=\"https:\/\/berni.fmode.de\/wordpress\/wp-content\/uploads\/pic06326.jpg\"><img loading=\"lazy\" decoding=\"async\" aria-describedby=\"caption-attachment-11023\" class=\" wp-image-11023\" alt=\"Anduze 2013\" src=\"https:\/\/berni.fmode.de\/wordpress\/wp-content\/uploads\/pic06326.jpg\" width=\"1200\" height=\"900\" srcset=\"https:\/\/berni.fmode.de\/wordpress\/wp-content\/uploads\/pic06326.jpg 1200w, https:\/\/berni.fmode.de\/wordpress\/wp-content\/uploads\/pic06326-300x225.jpg 300w, https:\/\/berni.fmode.de\/wordpress\/wp-content\/uploads\/pic06326-1024x768.jpg 1024w, https:\/\/berni.fmode.de\/wordpress\/wp-content\/uploads\/pic06326-400x300.jpg 400w\" sizes=\"(max-width: 1200px) 100vw, 1200px\" \/><\/a><p id=\"caption-attachment-11023\" class=\"wp-caption-text\">Sogar einen Park hat Anduze zu bieten. Wenn man bedenkt, dass der Ort nur rund 3000 Einwohner hat, ist die vorhandene Infrastruktur schon erstaunlich.<\/p><\/div>\n<div id=\"attachment_11024\" style=\"width: 1210px\" class=\"wp-caption aligncenter\"><a href=\"https:\/\/berni.fmode.de\/wordpress\/wp-content\/uploads\/pic07283.jpg\"><img loading=\"lazy\" decoding=\"async\" aria-describedby=\"caption-attachment-11024\" class=\" wp-image-11024\" alt=\"Anduze 2013\" src=\"https:\/\/berni.fmode.de\/wordpress\/wp-content\/uploads\/pic07283.jpg\" width=\"1200\" height=\"900\" srcset=\"https:\/\/berni.fmode.de\/wordpress\/wp-content\/uploads\/pic07283.jpg 1200w, https:\/\/berni.fmode.de\/wordpress\/wp-content\/uploads\/pic07283-300x225.jpg 300w, https:\/\/berni.fmode.de\/wordpress\/wp-content\/uploads\/pic07283-1024x768.jpg 1024w, https:\/\/berni.fmode.de\/wordpress\/wp-content\/uploads\/pic07283-400x300.jpg 400w\" sizes=\"(max-width: 1200px) 100vw, 1200px\" \/><\/a><p id=\"caption-attachment-11024\" class=\"wp-caption-text\">Dann treffen wir Hubert wieder &#8211; nat\u00fcrlich im Cafe Centre. Nach Kaffee und Croisons starten wir eine kleine Erkundungstour ins l\u00e4ndliche Umfeld von Anduze. Wir m\u00f6chten uns landwirtschaftliche Anwesen und deren Bewirtschaftung ansehen.<\/p><\/div>\n<div id=\"attachment_11025\" style=\"width: 1210px\" class=\"wp-caption aligncenter\"><a href=\"https:\/\/berni.fmode.de\/wordpress\/wp-content\/uploads\/pic08240.jpg\"><img loading=\"lazy\" decoding=\"async\" aria-describedby=\"caption-attachment-11025\" class=\" wp-image-11025\" alt=\"Anduze 2013\" src=\"https:\/\/berni.fmode.de\/wordpress\/wp-content\/uploads\/pic08240.jpg\" width=\"1200\" height=\"900\" srcset=\"https:\/\/berni.fmode.de\/wordpress\/wp-content\/uploads\/pic08240.jpg 1200w, https:\/\/berni.fmode.de\/wordpress\/wp-content\/uploads\/pic08240-300x225.jpg 300w, https:\/\/berni.fmode.de\/wordpress\/wp-content\/uploads\/pic08240-1024x768.jpg 1024w, https:\/\/berni.fmode.de\/wordpress\/wp-content\/uploads\/pic08240-400x300.jpg 400w\" sizes=\"(max-width: 1200px) 100vw, 1200px\" \/><\/a><p id=\"caption-attachment-11025\" class=\"wp-caption-text\">Dabei sto\u00dfen wir auf die Grotten von Trabuc. Auf eine offizielle F\u00fchrung warten wir nicht, sondern schauen uns einfach in der Umgebung der Grotten etwas um.<\/p><\/div>\n<div id=\"attachment_11026\" style=\"width: 1210px\" class=\"wp-caption aligncenter\"><a href=\"https:\/\/berni.fmode.de\/wordpress\/wp-content\/uploads\/pic09202.jpg\"><img loading=\"lazy\" decoding=\"async\" aria-describedby=\"caption-attachment-11026\" class=\" wp-image-11026\" alt=\"Anduze 2013\" src=\"https:\/\/berni.fmode.de\/wordpress\/wp-content\/uploads\/pic09202.jpg\" width=\"1200\" height=\"900\" srcset=\"https:\/\/berni.fmode.de\/wordpress\/wp-content\/uploads\/pic09202.jpg 1200w, https:\/\/berni.fmode.de\/wordpress\/wp-content\/uploads\/pic09202-300x225.jpg 300w, https:\/\/berni.fmode.de\/wordpress\/wp-content\/uploads\/pic09202-1024x768.jpg 1024w, https:\/\/berni.fmode.de\/wordpress\/wp-content\/uploads\/pic09202-400x300.jpg 400w\" sizes=\"(max-width: 1200px) 100vw, 1200px\" \/><\/a><p id=\"caption-attachment-11026\" class=\"wp-caption-text\">W\u00e4hrend wir uns die Grottengegend so anschauen, merken wir, dass der Regen mehr und mehr nachl\u00e4sst. Sofort beschliessen wir die R\u00fcckkehr ins Ferienhaus, um dort auf die Thunderbirds zu steigen. Hubert hat als Ziel ein Bergdorf in der N\u00e4he von St. Hippolyte du Fort ausgesucht, zu dem nur eine Sackgasse f\u00fchrt. Klingt gut.<\/p><\/div>\n<div id=\"attachment_11027\" style=\"width: 1210px\" class=\"wp-caption aligncenter\"><a href=\"https:\/\/berni.fmode.de\/wordpress\/wp-content\/uploads\/pic10173.jpg\"><img loading=\"lazy\" decoding=\"async\" aria-describedby=\"caption-attachment-11027\" class=\" wp-image-11027\" alt=\"Anduze 2013\" src=\"https:\/\/berni.fmode.de\/wordpress\/wp-content\/uploads\/pic10173.jpg\" width=\"1200\" height=\"900\" srcset=\"https:\/\/berni.fmode.de\/wordpress\/wp-content\/uploads\/pic10173.jpg 1200w, https:\/\/berni.fmode.de\/wordpress\/wp-content\/uploads\/pic10173-300x225.jpg 300w, https:\/\/berni.fmode.de\/wordpress\/wp-content\/uploads\/pic10173-1024x768.jpg 1024w, https:\/\/berni.fmode.de\/wordpress\/wp-content\/uploads\/pic10173-400x300.jpg 400w\" sizes=\"(max-width: 1200px) 100vw, 1200px\" \/><\/a><p id=\"caption-attachment-11027\" class=\"wp-caption-text\">Tats\u00e4chlich hat es inzwischen aufgeh\u00f6rt und regnen und wir kommen trockenen Fusses nach St. Hippolyte. Typisch f\u00fcr uns: Wir erreichen den Ort zu einer Zeit, in der kein Cafe ge\u00f6ffnet hat. Aber wir haben ein nettes Gespr\u00e4ch mit einem Franzosen, dem unsere Engl\u00e4nderinnen sehr gut gefallen. In einer prima Mischung aus Franz\u00f6sisch, Englisch und Deutsch bekommen wir eine ausreichende Kommunikation hin. Das ist \u00fcbrigens nicht das einzige mal, dass wir wegen unserer Motorr\u00e4der positiv angesprochen werden.<\/p><\/div>\n<div id=\"attachment_11028\" style=\"width: 1210px\" class=\"wp-caption aligncenter\"><a href=\"https:\/\/berni.fmode.de\/wordpress\/wp-content\/uploads\/pic11147.jpg\"><img loading=\"lazy\" decoding=\"async\" aria-describedby=\"caption-attachment-11028\" class=\" wp-image-11028\" alt=\"Anduze 2013\" src=\"https:\/\/berni.fmode.de\/wordpress\/wp-content\/uploads\/pic11147.jpg\" width=\"1200\" height=\"900\" srcset=\"https:\/\/berni.fmode.de\/wordpress\/wp-content\/uploads\/pic11147.jpg 1200w, https:\/\/berni.fmode.de\/wordpress\/wp-content\/uploads\/pic11147-300x225.jpg 300w, https:\/\/berni.fmode.de\/wordpress\/wp-content\/uploads\/pic11147-1024x768.jpg 1024w, https:\/\/berni.fmode.de\/wordpress\/wp-content\/uploads\/pic11147-400x300.jpg 400w\" sizes=\"(max-width: 1200px) 100vw, 1200px\" \/><\/a><p id=\"caption-attachment-11028\" class=\"wp-caption-text\">Wir verlassen St. Hippolyte in Richtung Ganges und biegen bald ab ins Gebirge. Nach wenigen Kilometern durchfahren wir eine atemberaubende Schlucht, die ich leider nicht gut aufs Bild bekomme.<\/p><\/div>\n<div id=\"attachment_11029\" style=\"width: 1210px\" class=\"wp-caption aligncenter\"><a href=\"https:\/\/berni.fmode.de\/wordpress\/wp-content\/uploads\/pic12135.jpg\"><img loading=\"lazy\" decoding=\"async\" aria-describedby=\"caption-attachment-11029\" class=\" wp-image-11029\" alt=\"Anduze 2013\" src=\"https:\/\/berni.fmode.de\/wordpress\/wp-content\/uploads\/pic12135.jpg\" width=\"1200\" height=\"900\" srcset=\"https:\/\/berni.fmode.de\/wordpress\/wp-content\/uploads\/pic12135.jpg 1200w, https:\/\/berni.fmode.de\/wordpress\/wp-content\/uploads\/pic12135-300x225.jpg 300w, https:\/\/berni.fmode.de\/wordpress\/wp-content\/uploads\/pic12135-1024x768.jpg 1024w, https:\/\/berni.fmode.de\/wordpress\/wp-content\/uploads\/pic12135-400x300.jpg 400w\" sizes=\"(max-width: 1200px) 100vw, 1200px\" \/><\/a><p id=\"caption-attachment-11029\" class=\"wp-caption-text\">H\u00f6her und h\u00f6her schrauben wir unsere Maschinen und erreichen irgendwann das winzige Bergdorf La Cardiere et Cambo. Hier ist die Welt tats\u00e4chlich zu Ende und nur ein Fu\u00dfweg f\u00fchrt weiter hinauf zu Grasfl\u00e4chen und Holzabbau.<\/p><\/div>\n<div id=\"attachment_11030\" style=\"width: 1210px\" class=\"wp-caption aligncenter\"><a href=\"https:\/\/berni.fmode.de\/wordpress\/wp-content\/uploads\/pic13122.jpg\"><img loading=\"lazy\" decoding=\"async\" aria-describedby=\"caption-attachment-11030\" class=\" wp-image-11030\" alt=\"Anduze\" src=\"https:\/\/berni.fmode.de\/wordpress\/wp-content\/uploads\/pic13122.jpg\" width=\"1200\" height=\"900\" srcset=\"https:\/\/berni.fmode.de\/wordpress\/wp-content\/uploads\/pic13122.jpg 1200w, https:\/\/berni.fmode.de\/wordpress\/wp-content\/uploads\/pic13122-300x225.jpg 300w, https:\/\/berni.fmode.de\/wordpress\/wp-content\/uploads\/pic13122-1024x768.jpg 1024w, https:\/\/berni.fmode.de\/wordpress\/wp-content\/uploads\/pic13122-400x300.jpg 400w\" sizes=\"(max-width: 1200px) 100vw, 1200px\" \/><\/a><p id=\"caption-attachment-11030\" class=\"wp-caption-text\">Ich sch\u00e4tze, dass in dem Ort keine 20 Menschen mehr leben, viele H\u00e4user stehen auch leer und beginnen, zu zerfallen. Dennoch: Dem Zauber solcher Orte kann ich mich nicht entziehen.<\/p><\/div>\n<div id=\"attachment_11031\" style=\"width: 1210px\" class=\"wp-caption aligncenter\"><a href=\"https:\/\/berni.fmode.de\/wordpress\/wp-content\/uploads\/pic14105.jpg\"><img loading=\"lazy\" decoding=\"async\" aria-describedby=\"caption-attachment-11031\" class=\" wp-image-11031\" alt=\"Anduze 2013\" src=\"https:\/\/berni.fmode.de\/wordpress\/wp-content\/uploads\/pic14105.jpg\" width=\"1200\" height=\"900\" srcset=\"https:\/\/berni.fmode.de\/wordpress\/wp-content\/uploads\/pic14105.jpg 1200w, https:\/\/berni.fmode.de\/wordpress\/wp-content\/uploads\/pic14105-300x225.jpg 300w, https:\/\/berni.fmode.de\/wordpress\/wp-content\/uploads\/pic14105-1024x768.jpg 1024w, https:\/\/berni.fmode.de\/wordpress\/wp-content\/uploads\/pic14105-400x300.jpg 400w\" sizes=\"(max-width: 1200px) 100vw, 1200px\" \/><\/a><p id=\"caption-attachment-11031\" class=\"wp-caption-text\">Auf der Abfahrt zur\u00fcck in die Zivilisation halten wir mehrfach an besonders sch\u00f6nen Pl\u00e4tzen an. Heute ist es durch den Regen ja etwas diesig und nebelig, aber ich kann mir vorstellen, dass Du an klaren Tagen von hier aus das Mittelmeer siehst.<\/p><\/div>\n<div id=\"attachment_11032\" style=\"width: 1210px\" class=\"wp-caption aligncenter\"><a href=\"https:\/\/berni.fmode.de\/wordpress\/wp-content\/uploads\/pic1592.jpg\"><img loading=\"lazy\" decoding=\"async\" aria-describedby=\"caption-attachment-11032\" class=\" wp-image-11032\" alt=\"Anduze 2013\" src=\"https:\/\/berni.fmode.de\/wordpress\/wp-content\/uploads\/pic1592.jpg\" width=\"1200\" height=\"900\" srcset=\"https:\/\/berni.fmode.de\/wordpress\/wp-content\/uploads\/pic1592.jpg 1200w, https:\/\/berni.fmode.de\/wordpress\/wp-content\/uploads\/pic1592-300x225.jpg 300w, https:\/\/berni.fmode.de\/wordpress\/wp-content\/uploads\/pic1592-1024x768.jpg 1024w, https:\/\/berni.fmode.de\/wordpress\/wp-content\/uploads\/pic1592-400x300.jpg 400w\" sizes=\"(max-width: 1200px) 100vw, 1200px\" \/><\/a><p id=\"caption-attachment-11032\" class=\"wp-caption-text\">Immer \u00f6fter kommt mir der Gedanke, das n\u00e4chste mal mit einer Enduro in die Bergwelt der Cevennen einzutauchen und damit auch die letzten Bergd\u00f6rfer noch hinter mir zu lassen. Meine alte DR400 w\u00e4re das richtige Moped f\u00fcr eine solche Endurowanderung.<\/p><\/div>\n<p>&nbsp;<\/p>\n<p>&nbsp;<\/p>\n<p><strong><a href=\"https:\/\/berni.fmode.de\/wordpress\/?page_id=11006\">Zur\u00fcck zur vorherigen Seite<\/a>\u00a0 \u00a0 \u00a0 \u00a0 \u00a0 \u00a0\u00a0<a href=\"https:\/\/berni.fmode.de\/wordpress\/?page_id=11134\">Zur n\u00e4chsten Seite<\/a><\/strong><\/p>\n<p>&nbsp;<\/p>\n","protected":false},"excerpt":{"rendered":"<p>Der n\u00e4chste Morgen beginnt so, wie der gestrige Tag aufgeh\u00f6rt hat: Mit Regen. Aber glaubt nicht, dass wir mit dem Wetter hadern! Wer im M\u00e4rz Urlaub macht, mu\u00df einfach mit so etwas rechnen. Stellen wir uns also auf einen weiteren &hellip; <a href=\"https:\/\/berni.fmode.de\/wordpress\/?page_id=11017\">Weiterlesen <span class=\"meta-nav\">&rarr;<\/span><\/a><\/p>\n","protected":false},"author":1,"featured_media":0,"parent":0,"menu_order":0,"comment_status":"closed","ping_status":"closed","template":"","meta":{"footnotes":""},"_links":{"self":[{"href":"https:\/\/berni.fmode.de\/wordpress\/index.php?rest_route=\/wp\/v2\/pages\/11017"}],"collection":[{"href":"https:\/\/berni.fmode.de\/wordpress\/index.php?rest_route=\/wp\/v2\/pages"}],"about":[{"href":"https:\/\/berni.fmode.de\/wordpress\/index.php?rest_route=\/wp\/v2\/types\/page"}],"author":[{"embeddable":true,"href":"https:\/\/berni.fmode.de\/wordpress\/index.php?rest_route=\/wp\/v2\/users\/1"}],"replies":[{"embeddable":true,"href":"https:\/\/berni.fmode.de\/wordpress\/index.php?rest_route=%2Fwp%2Fv2%2Fcomments&post=11017"}],"version-history":[{"count":5,"href":"https:\/\/berni.fmode.de\/wordpress\/index.php?rest_route=\/wp\/v2\/pages\/11017\/revisions"}],"predecessor-version":[{"id":11229,"href":"https:\/\/berni.fmode.de\/wordpress\/index.php?rest_route=\/wp\/v2\/pages\/11017\/revisions\/11229"}],"wp:attachment":[{"href":"https:\/\/berni.fmode.de\/wordpress\/index.php?rest_route=%2Fwp%2Fv2%2Fmedia&parent=11017"}],"curies":[{"name":"wp","href":"https:\/\/api.w.org\/{rel}","templated":true}]}}