{"id":10923,"date":"2013-04-04T10:49:23","date_gmt":"2013-04-04T09:49:23","guid":{"rendered":"http:\/\/berni.fmode.de\/wordpress\/?page_id=10923"},"modified":"2013-04-08T18:22:47","modified_gmt":"2013-04-08T17:22:47","slug":"25-3-die-abreise","status":"publish","type":"page","link":"https:\/\/berni.fmode.de\/wordpress\/?page_id=10923","title":{"rendered":"25.3: Die Anreise"},"content":{"rendered":"<p>Mit leichter Versp\u00e4tung sind wir also startklar. Die zweifellos vorhandene Spannung erreicht ihren H\u00f6hepunkt um dann langsam abzuflauen. Irgendwann auf der Autobahn Richtung Basel sind wir mental im Urlaub angekommen.<\/p>\n<div id=\"attachment_10924\" style=\"width: 1210px\" class=\"wp-caption aligncenter\"><a href=\"https:\/\/berni.fmode.de\/wordpress\/wp-content\/uploads\/pic01546.jpg\"><img loading=\"lazy\" decoding=\"async\" aria-describedby=\"caption-attachment-10924\" class=\" wp-image-10924 \" alt=\"Anduze 2013\" src=\"https:\/\/berni.fmode.de\/wordpress\/wp-content\/uploads\/pic01546.jpg\" width=\"1200\" height=\"900\" srcset=\"https:\/\/berni.fmode.de\/wordpress\/wp-content\/uploads\/pic01546.jpg 1200w, https:\/\/berni.fmode.de\/wordpress\/wp-content\/uploads\/pic01546-300x225.jpg 300w, https:\/\/berni.fmode.de\/wordpress\/wp-content\/uploads\/pic01546-1024x768.jpg 1024w, https:\/\/berni.fmode.de\/wordpress\/wp-content\/uploads\/pic01546-400x300.jpg 400w\" sizes=\"(max-width: 1200px) 100vw, 1200px\" \/><\/a><p id=\"caption-attachment-10924\" class=\"wp-caption-text\">Die letzten Klamotten fliegen in den Peugeot, alle T\u00fcren werden verschlossen &#8230;..<\/p><\/div>\n<div id=\"attachment_10925\" style=\"width: 1210px\" class=\"wp-caption aligncenter\"><a href=\"https:\/\/berni.fmode.de\/wordpress\/wp-content\/uploads\/pic02530.jpg\"><img loading=\"lazy\" decoding=\"async\" aria-describedby=\"caption-attachment-10925\" class=\" wp-image-10925\" alt=\"Anduze 2013\" src=\"https:\/\/berni.fmode.de\/wordpress\/wp-content\/uploads\/pic02530.jpg\" width=\"1200\" height=\"900\" srcset=\"https:\/\/berni.fmode.de\/wordpress\/wp-content\/uploads\/pic02530.jpg 1200w, https:\/\/berni.fmode.de\/wordpress\/wp-content\/uploads\/pic02530-300x225.jpg 300w, https:\/\/berni.fmode.de\/wordpress\/wp-content\/uploads\/pic02530-1024x768.jpg 1024w, https:\/\/berni.fmode.de\/wordpress\/wp-content\/uploads\/pic02530-400x300.jpg 400w\" sizes=\"(max-width: 1200px) 100vw, 1200px\" \/><\/a><p id=\"caption-attachment-10925\" class=\"wp-caption-text\">&#8230;.. J\u00f6rg erscheint als Verabschiedungs-Komitee &#8230;&#8230;.<\/p><\/div>\n<div id=\"attachment_10926\" style=\"width: 1210px\" class=\"wp-caption aligncenter\"><a href=\"https:\/\/berni.fmode.de\/wordpress\/wp-content\/uploads\/pic03493.jpg\"><img loading=\"lazy\" decoding=\"async\" aria-describedby=\"caption-attachment-10926\" class=\" wp-image-10926\" alt=\"Anduze 2013\" src=\"https:\/\/berni.fmode.de\/wordpress\/wp-content\/uploads\/pic03493.jpg\" width=\"1200\" height=\"900\" srcset=\"https:\/\/berni.fmode.de\/wordpress\/wp-content\/uploads\/pic03493.jpg 1200w, https:\/\/berni.fmode.de\/wordpress\/wp-content\/uploads\/pic03493-300x225.jpg 300w, https:\/\/berni.fmode.de\/wordpress\/wp-content\/uploads\/pic03493-1024x768.jpg 1024w, https:\/\/berni.fmode.de\/wordpress\/wp-content\/uploads\/pic03493-400x300.jpg 400w\" sizes=\"(max-width: 1200px) 100vw, 1200px\" \/><\/a><p id=\"caption-attachment-10926\" class=\"wp-caption-text\">&#8230;&#8230;. die Beteiligten nehmen ihre Pl\u00e4tze ein &#8230;..<\/p><\/div>\n<div id=\"attachment_10927\" style=\"width: 1210px\" class=\"wp-caption aligncenter\"><a href=\"https:\/\/berni.fmode.de\/wordpress\/wp-content\/uploads\/pic04445.jpg\"><img loading=\"lazy\" decoding=\"async\" aria-describedby=\"caption-attachment-10927\" class=\" wp-image-10927\" alt=\"Anduze 2013\" src=\"https:\/\/berni.fmode.de\/wordpress\/wp-content\/uploads\/pic04445.jpg\" width=\"1200\" height=\"900\" srcset=\"https:\/\/berni.fmode.de\/wordpress\/wp-content\/uploads\/pic04445.jpg 1200w, https:\/\/berni.fmode.de\/wordpress\/wp-content\/uploads\/pic04445-300x225.jpg 300w, https:\/\/berni.fmode.de\/wordpress\/wp-content\/uploads\/pic04445-1024x768.jpg 1024w, https:\/\/berni.fmode.de\/wordpress\/wp-content\/uploads\/pic04445-400x300.jpg 400w\" sizes=\"(max-width: 1200px) 100vw, 1200px\" \/><\/a><p id=\"caption-attachment-10927\" class=\"wp-caption-text\">&#8230;&#8230;. die anfangs vorhandene Ordnung endet bei der Gep\u00e4ckunterbringung auf den R\u00fccksitzen &#8230;..<\/p><\/div>\n<p>&#8230;.. und dann beginnt die Fahrt tats\u00e4chlich. Der kleine Diesel im J5 schnurrt wie ein K\u00e4tzchen und fl\u00f6\u00dft durch seinen sonoren Ton allen Beteiligten h\u00f6chstes Vertrauen ein: Dieses Nutzfahrzeug wird uns ohne Probleme die 2500 km Hin- und R\u00fcckfahrt begleiten. Warten wir ab, ob es wirklich so kommt.<\/p>\n<p><iframe loading=\"lazy\" src=\"http:\/\/www.youtube.com\/embed\/LpurPAy1Uu0\" height=\"385\" width=\"640\" frameborder=\"0\"><\/iframe><br \/>\nTschaka &#8211; wir sind auf der Stra\u00dfe Richtung S\u00fcden: On the road again.<\/p>\n<div id=\"attachment_10928\" style=\"width: 1210px\" class=\"wp-caption aligncenter\"><a href=\"https:\/\/berni.fmode.de\/wordpress\/wp-content\/uploads\/pic05379.jpg\"><img loading=\"lazy\" decoding=\"async\" aria-describedby=\"caption-attachment-10928\" class=\" wp-image-10928\" alt=\"Anduze 2013\" src=\"https:\/\/berni.fmode.de\/wordpress\/wp-content\/uploads\/pic05379.jpg\" width=\"1200\" height=\"900\" srcset=\"https:\/\/berni.fmode.de\/wordpress\/wp-content\/uploads\/pic05379.jpg 1200w, https:\/\/berni.fmode.de\/wordpress\/wp-content\/uploads\/pic05379-300x225.jpg 300w, https:\/\/berni.fmode.de\/wordpress\/wp-content\/uploads\/pic05379-1024x768.jpg 1024w, https:\/\/berni.fmode.de\/wordpress\/wp-content\/uploads\/pic05379-400x300.jpg 400w\" sizes=\"(max-width: 1200px) 100vw, 1200px\" \/><\/a><p id=\"caption-attachment-10928\" class=\"wp-caption-text\">Die Verzurrung unserer drei Thunderbirds ist perfekt gelungen: Auch auf den \u00fcbelsten hessischen Landstra\u00dfen und Autobahnen bewegen sich die nicht gerade leichtgewichtigen Engl\u00e4nderinnen keinen Milimeter.<\/p><\/div>\n<div id=\"attachment_10929\" style=\"width: 1210px\" class=\"wp-caption aligncenter\"><a href=\"https:\/\/berni.fmode.de\/wordpress\/wp-content\/uploads\/pic06323.jpg\"><img loading=\"lazy\" decoding=\"async\" aria-describedby=\"caption-attachment-10929\" class=\" wp-image-10929\" alt=\"Anduze 2013\" src=\"https:\/\/berni.fmode.de\/wordpress\/wp-content\/uploads\/pic06323.jpg\" width=\"1200\" height=\"900\" srcset=\"https:\/\/berni.fmode.de\/wordpress\/wp-content\/uploads\/pic06323.jpg 1200w, https:\/\/berni.fmode.de\/wordpress\/wp-content\/uploads\/pic06323-300x225.jpg 300w, https:\/\/berni.fmode.de\/wordpress\/wp-content\/uploads\/pic06323-1024x768.jpg 1024w, https:\/\/berni.fmode.de\/wordpress\/wp-content\/uploads\/pic06323-400x300.jpg 400w\" sizes=\"(max-width: 1200px) 100vw, 1200px\" \/><\/a><p id=\"caption-attachment-10929\" class=\"wp-caption-text\">Sp\u00e4ter, tief in der Nacht, gelingt Hubert ein Foto unserer Ladung, dass die drei Motorr\u00e4der im goldenen Licht diverser Scheinwerferkegel erstrahlen l\u00e4sst wie Brillianten: Ein Road-Movie-Kunstwerk quasi.<\/p><\/div>\n<p style=\"text-align: left;\"><strong><a href=\"https:\/\/berni.fmode.de\/wordpress\/?p=10903 \">Zur\u00fcck zur Einleitung<\/a><\/strong>\u00a0 \u00a0 \u00a0 \u00a0 \u00a0\u00a0<a href=\"https:\/\/berni.fmode.de\/wordpress\/?page_id=10935\"><strong>Zur n\u00e4chsten Seite<\/strong><\/a><\/p>\n","protected":false},"excerpt":{"rendered":"<p>Mit leichter Versp\u00e4tung sind wir also startklar. Die zweifellos vorhandene Spannung erreicht ihren H\u00f6hepunkt um dann langsam abzuflauen. Irgendwann auf der Autobahn Richtung Basel sind wir mental im Urlaub angekommen. &#8230;.. und dann beginnt die Fahrt tats\u00e4chlich. Der kleine Diesel &hellip; <a href=\"https:\/\/berni.fmode.de\/wordpress\/?page_id=10923\">Weiterlesen <span class=\"meta-nav\">&rarr;<\/span><\/a><\/p>\n","protected":false},"author":1,"featured_media":0,"parent":0,"menu_order":0,"comment_status":"closed","ping_status":"closed","template":"","meta":{"footnotes":""},"_links":{"self":[{"href":"https:\/\/berni.fmode.de\/wordpress\/index.php?rest_route=\/wp\/v2\/pages\/10923"}],"collection":[{"href":"https:\/\/berni.fmode.de\/wordpress\/index.php?rest_route=\/wp\/v2\/pages"}],"about":[{"href":"https:\/\/berni.fmode.de\/wordpress\/index.php?rest_route=\/wp\/v2\/types\/page"}],"author":[{"embeddable":true,"href":"https:\/\/berni.fmode.de\/wordpress\/index.php?rest_route=\/wp\/v2\/users\/1"}],"replies":[{"embeddable":true,"href":"https:\/\/berni.fmode.de\/wordpress\/index.php?rest_route=%2Fwp%2Fv2%2Fcomments&post=10923"}],"version-history":[{"count":6,"href":"https:\/\/berni.fmode.de\/wordpress\/index.php?rest_route=\/wp\/v2\/pages\/10923\/revisions"}],"predecessor-version":[{"id":11226,"href":"https:\/\/berni.fmode.de\/wordpress\/index.php?rest_route=\/wp\/v2\/pages\/10923\/revisions\/11226"}],"wp:attachment":[{"href":"https:\/\/berni.fmode.de\/wordpress\/index.php?rest_route=%2Fwp%2Fv2%2Fmedia&parent=10923"}],"curies":[{"name":"wp","href":"https:\/\/api.w.org\/{rel}","templated":true}]}}