{"id":10292,"date":"2012-12-26T12:33:08","date_gmt":"2012-12-26T11:33:08","guid":{"rendered":"http:\/\/berni.fmode.de\/wordpress\/?page_id=10292"},"modified":"2012-12-26T12:50:25","modified_gmt":"2012-12-26T11:50:25","slug":"sport-awos-aus-neustadt","status":"publish","type":"page","link":"https:\/\/berni.fmode.de\/wordpress\/?page_id=10292","title":{"rendered":"Sport-Awos aus Neustadt"},"content":{"rendered":"<p>Durch einen guten Bekannten aus Sch\u00fctzenkreisen werde ich \u00fcber einen Todesfall im Kreis Marburg-Biedenkopf informiert. Die Hinterbliebenen wollen einige zerlegte Motorr\u00e4der loswerden, die seit Anfang der 90er Jahre gelagert werden. Es soll sich um ein AWO-Gespann, eine NSU Quick, eine DKW und eine Maico handeln. Dieter vermittelt ein Treffen und am 19.5.2009 fahre ich nach Neustadt und sehe mir das Ganze an. Muss dazu sagen, dass ich seit vielen Jahren f\u00fcr die AWO 425S schw\u00e4rme &#8211; seit ich zum ersten mal eine solche Maschine beim Schottenrennen in den 80er Jahren gesehen habe. Ich hoffe also, dass eine Sportawo dabei ist &#8230;&#8230;&#8230;<\/p>\n\n\t\t<style type=\"text\/css\">\n\t\t\t#gallery-1 {\n\t\t\t\tmargin: auto;\n\t\t\t}\n\t\t\t#gallery-1 .gallery-item {\n\t\t\t\tfloat: left;\n\t\t\t\tmargin-top: 10px;\n\t\t\t\ttext-align: center;\n\t\t\t\twidth: 50%;\n\t\t\t}\n\t\t\t#gallery-1 img {\n\t\t\t\tborder: 2px solid #cfcfcf;\n\t\t\t}\n\t\t\t#gallery-1 .gallery-caption {\n\t\t\t\tmargin-left: 0;\n\t\t\t}\n\t\t\t\/* see gallery_shortcode() in wp-includes\/media.php *\/\n\t\t<\/style>\n\t\t<div id='gallery-1' class='gallery galleryid-10292 gallery-columns-2 gallery-size-thumbnail'><dl class='gallery-item'>\n\t\t\t<dt class='gallery-icon landscape'>\n\t\t\t\t<a href='https:\/\/berni.fmode.de\/wordpress\/?attachment_id=10311'><img loading=\"lazy\" decoding=\"async\" width=\"150\" height=\"150\" src=\"https:\/\/berni.fmode.de\/wordpress\/wp-content\/uploads\/pic01510-150x150.jpg\" class=\"attachment-thumbnail size-thumbnail\" alt=\"\" \/><\/a>\n\t\t\t<\/dt><\/dl><dl class='gallery-item'>\n\t\t\t<dt class='gallery-icon portrait'>\n\t\t\t\t<a href='https:\/\/berni.fmode.de\/wordpress\/?attachment_id=10312'><img loading=\"lazy\" decoding=\"async\" width=\"150\" height=\"150\" src=\"https:\/\/berni.fmode.de\/wordpress\/wp-content\/uploads\/pic02498-150x150.jpg\" class=\"attachment-thumbnail size-thumbnail\" alt=\"\" \/><\/a>\n\t\t\t<\/dt><\/dl><br style=\"clear: both\" \/><dl class='gallery-item'>\n\t\t\t<dt class='gallery-icon landscape'>\n\t\t\t\t<a href='https:\/\/berni.fmode.de\/wordpress\/?attachment_id=10313'><img loading=\"lazy\" decoding=\"async\" width=\"150\" height=\"150\" src=\"https:\/\/berni.fmode.de\/wordpress\/wp-content\/uploads\/pic03463-150x150.jpg\" class=\"attachment-thumbnail size-thumbnail\" alt=\"\" \/><\/a>\n\t\t\t<\/dt><\/dl><dl class='gallery-item'>\n\t\t\t<dt class='gallery-icon landscape'>\n\t\t\t\t<a href='https:\/\/berni.fmode.de\/wordpress\/?attachment_id=10314'><img loading=\"lazy\" decoding=\"async\" width=\"150\" height=\"150\" src=\"https:\/\/berni.fmode.de\/wordpress\/wp-content\/uploads\/pic04414-150x150.jpg\" class=\"attachment-thumbnail size-thumbnail\" alt=\"\" \/><\/a>\n\t\t\t<\/dt><\/dl><br style=\"clear: both\" \/><dl class='gallery-item'>\n\t\t\t<dt class='gallery-icon landscape'>\n\t\t\t\t<a href='https:\/\/berni.fmode.de\/wordpress\/?attachment_id=10315'><img loading=\"lazy\" decoding=\"async\" width=\"150\" height=\"150\" src=\"https:\/\/berni.fmode.de\/wordpress\/wp-content\/uploads\/pic05354-150x150.jpg\" class=\"attachment-thumbnail size-thumbnail\" alt=\"\" \/><\/a>\n\t\t\t<\/dt><\/dl><dl class='gallery-item'>\n\t\t\t<dt class='gallery-icon landscape'>\n\t\t\t\t<a href='https:\/\/berni.fmode.de\/wordpress\/?attachment_id=10316'><img loading=\"lazy\" decoding=\"async\" width=\"150\" height=\"150\" src=\"https:\/\/berni.fmode.de\/wordpress\/wp-content\/uploads\/pic06302-150x150.jpg\" class=\"attachment-thumbnail size-thumbnail\" alt=\"\" \/><\/a>\n\t\t\t<\/dt><\/dl><br style=\"clear: both\" \/><dl class='gallery-item'>\n\t\t\t<dt class='gallery-icon landscape'>\n\t\t\t\t<a href='https:\/\/berni.fmode.de\/wordpress\/?attachment_id=10317'><img loading=\"lazy\" decoding=\"async\" width=\"150\" height=\"150\" src=\"https:\/\/berni.fmode.de\/wordpress\/wp-content\/uploads\/pic07263-150x150.jpg\" class=\"attachment-thumbnail size-thumbnail\" alt=\"\" \/><\/a>\n\t\t\t<\/dt><\/dl><dl class='gallery-item'>\n\t\t\t<dt class='gallery-icon landscape'>\n\t\t\t\t<a href='https:\/\/berni.fmode.de\/wordpress\/?attachment_id=10318'><img loading=\"lazy\" decoding=\"async\" width=\"150\" height=\"150\" src=\"https:\/\/berni.fmode.de\/wordpress\/wp-content\/uploads\/pic08223-150x150.jpg\" class=\"attachment-thumbnail size-thumbnail\" alt=\"\" \/><\/a>\n\t\t\t<\/dt><\/dl><br style=\"clear: both\" \/><dl class='gallery-item'>\n\t\t\t<dt class='gallery-icon landscape'>\n\t\t\t\t<a href='https:\/\/berni.fmode.de\/wordpress\/?attachment_id=10319'><img loading=\"lazy\" decoding=\"async\" width=\"150\" height=\"150\" src=\"https:\/\/berni.fmode.de\/wordpress\/wp-content\/uploads\/pic09186-150x150.jpg\" class=\"attachment-thumbnail size-thumbnail\" alt=\"\" \/><\/a>\n\t\t\t<\/dt><\/dl><dl class='gallery-item'>\n\t\t\t<dt class='gallery-icon landscape'>\n\t\t\t\t<a href='https:\/\/berni.fmode.de\/wordpress\/?attachment_id=10320'><img loading=\"lazy\" decoding=\"async\" width=\"150\" height=\"150\" src=\"https:\/\/berni.fmode.de\/wordpress\/wp-content\/uploads\/pic10163-150x150.jpg\" class=\"attachment-thumbnail size-thumbnail\" alt=\"\" \/><\/a>\n\t\t\t<\/dt><\/dl><br style=\"clear: both\" \/><dl class='gallery-item'>\n\t\t\t<dt class='gallery-icon landscape'>\n\t\t\t\t<a href='https:\/\/berni.fmode.de\/wordpress\/?attachment_id=10321'><img loading=\"lazy\" decoding=\"async\" width=\"150\" height=\"150\" src=\"https:\/\/berni.fmode.de\/wordpress\/wp-content\/uploads\/pic11138-150x150.jpg\" class=\"attachment-thumbnail size-thumbnail\" alt=\"\" \/><\/a>\n\t\t\t<\/dt><\/dl><dl class='gallery-item'>\n\t\t\t<dt class='gallery-icon landscape'>\n\t\t\t\t<a href='https:\/\/berni.fmode.de\/wordpress\/?attachment_id=10322'><img loading=\"lazy\" decoding=\"async\" width=\"150\" height=\"150\" src=\"https:\/\/berni.fmode.de\/wordpress\/wp-content\/uploads\/pic12128-150x150.jpg\" class=\"attachment-thumbnail size-thumbnail\" alt=\"\" \/><\/a>\n\t\t\t<\/dt><\/dl><br style=\"clear: both\" \/>\n\t\t<\/div>\n\n<p>&nbsp;<\/p>\n","protected":false},"excerpt":{"rendered":"<p>Durch einen guten Bekannten aus Sch\u00fctzenkreisen werde ich \u00fcber einen Todesfall im Kreis Marburg-Biedenkopf informiert. Die Hinterbliebenen wollen einige zerlegte Motorr\u00e4der loswerden, die seit Anfang der 90er Jahre gelagert werden. Es soll sich um ein AWO-Gespann, eine NSU Quick, eine &hellip; <a href=\"https:\/\/berni.fmode.de\/wordpress\/?page_id=10292\">Weiterlesen <span class=\"meta-nav\">&rarr;<\/span><\/a><\/p>\n","protected":false},"author":1,"featured_media":0,"parent":0,"menu_order":0,"comment_status":"closed","ping_status":"closed","template":"","meta":{"footnotes":""},"_links":{"self":[{"href":"https:\/\/berni.fmode.de\/wordpress\/index.php?rest_route=\/wp\/v2\/pages\/10292"}],"collection":[{"href":"https:\/\/berni.fmode.de\/wordpress\/index.php?rest_route=\/wp\/v2\/pages"}],"about":[{"href":"https:\/\/berni.fmode.de\/wordpress\/index.php?rest_route=\/wp\/v2\/types\/page"}],"author":[{"embeddable":true,"href":"https:\/\/berni.fmode.de\/wordpress\/index.php?rest_route=\/wp\/v2\/users\/1"}],"replies":[{"embeddable":true,"href":"https:\/\/berni.fmode.de\/wordpress\/index.php?rest_route=%2Fwp%2Fv2%2Fcomments&post=10292"}],"version-history":[{"count":12,"href":"https:\/\/berni.fmode.de\/wordpress\/index.php?rest_route=\/wp\/v2\/pages\/10292\/revisions"}],"predecessor-version":[{"id":10328,"href":"https:\/\/berni.fmode.de\/wordpress\/index.php?rest_route=\/wp\/v2\/pages\/10292\/revisions\/10328"}],"wp:attachment":[{"href":"https:\/\/berni.fmode.de\/wordpress\/index.php?rest_route=%2Fwp%2Fv2%2Fmedia&parent=10292"}],"curies":[{"name":"wp","href":"https:\/\/api.w.org\/{rel}","templated":true}]}}